emainder when (-7 + 8)/(-2*z/(-52)) is divided by j?
12
Suppose 2*p - 84 = 2*i, 0*i = 3*p - 4*i - 128. Suppose 2*s + p = 6*s. Calculate the remainder when 19 is divided by s.
9
Calculate the remainder when ((-425)/(-20) + 0)/(4/16) is divided by 15.
10
Let n be (-16)/12*(-15)/(-10). Let l be (n/6)/(1/(-15)). Suppose -2*o = -5*o + 6, l*a - 5*o = 20. Calculate the remainder when 9 is divided by a.
3
Suppose 3*j + 5*n + 17 = 0, -4*j - 4*n - 16 = n. Let s(d) = 5*d + 2. Suppose 2*t - 4 - 4 = 0. Calculate the remainder when s(j) is divided by t.
3
Let k(q) = -q**3 - 36*q**2 - 205*q + 11. What is the remainder when 269 is divided by k(-29)?
62
Let f = 22 - -141. Let g = 14 + f. Calculate the remainder when g is divided by 18.
15
Let v = 241 - 202. Calculate the remainder when 127 is divided by v.
10
Let n(a) = -7*a - 59. What is the remainder when (-687)/(-6) + 2/(-4) is divided by n(-14)?
36
Let l = -43 + 83. Calculate the remainder when l is divided by -36 + 56 - (2 + -3)/1.
19
Suppose 5*o + 7 - 12 = 0, 77 = 2*t + 5*o. What is the remainder when t is divided by 28?
8
Suppose 10*x + 1630 = 330. Let m = 203 + x. What is the remainder when m is divided by 1/3 + 168/9?
16
Let z(o) = -o**2 - 5*o + 2. Let s be z(-5). Suppose 0 = 2*j - 3*j - s, -5*m + 5*j + 35 = 0. What is the remainder when (-6)/9*48/(-4) is divided by m?
3
Let j(i) = i**2 + 2. Calculate the remainder when 41 is divided by j(-1).
2
Let l = -20 + 72. Calculate the remainder when l is divided by 13 + -24 + 9 - 16*-1.
10
Suppose 4*o - 123 = 29. Let a(d) = -2*d + 22. Let i be a(13). Calculate the remainder when o is divided by 11 + (3/1 + i)*1.
8
Let h = -2190 + 2227. Calculate the remainder when 886 is divided by h.
35
What is the remainder when 68 is divided by 16*14/20 - (-12)/15?
8
Let c(r) = r**3 + 10*r**2 + 7*r - 16. Let q be c(-9). Suppose g - 7 = p, g - 2*p + q = 4. Let i = -32 - -90. What is the remainder when i is divided by g?
10
Let d(j) = 6*j + 4. Let o be d(2). Let f = -17 + o. What is the remainder when f + (51 - (-1 - -3)) is divided by 25?
23
What is the remainder when 4 - (-1 - (-6 + 27)) is divided by 11?
4
Suppose 32*x - 16*x = 304. What is the remainder when 147 is divided by x?
14
Let p(a) = -a**2 - 4*a - 5. Let i be p(-6). Let s = i + 24. What is the remainder when 24 is divided by s?
3
What is the remainder when 49 is divided by ((-12)/10)/(24/90)*-6?
22
Let b = -325 - -359. What is the remainder when 339 is divided by b?
33
What is the remainder when (30/4)/(246/14104) is divided by 24?
22
Let t(l) = -5*l + 3. Suppose i + i + 3*r + 15 = 0, 3 = -r. Let v(z) = 10*z + 3. What is the remainder when v(3) is divided by t(i)?
15
Suppose -19*a = -17*a + 1144. Calculate the remainder when a/(-6) - (-16)/(-48) is divided by 24.
23
Suppose -14 - 22 = 4*q. Calculate the remainder when 35 is divided by q/(-2)*(2 - 0).
8
Suppose 0 = -b + 2, 4*k + 2*b - 38 = 14. Suppose 5*v - 7 = 88. What is the remainder when v is divided by k?
7
Let g = 34 + -32. Suppose g = r - 2*r - 2*u, 2*u = 10. What is the remainder when (r/(-9))/((-3)/(-18)) is divided by 2?
0
Let x be (-26)/4*8/(-2). Suppose 5*f - 4*o - 103 = 0, 3*f + o - x = 2*f. Calculate the remainder when f is divided by 5.
3
Suppose 0 = 2*v - 5*h - 131, v + 19 = 3*h + 83. Calculate the remainder when 436 is divided by v.
71
Let j(v) = 8*v + 2. Let h(o) = -9*o - 2. Let a(m) = 3*h(m) + 4*j(m). Let l be a(-15). What is the remainder when 33 is divided by l/(-6) + 6/(-36)?
9
Let u(q) = -2*q**3 - 46*q**2 - q + 4. What is the remainder when 89 is divided by u(-23)?
8
Let t(r) = -2*r + 6. Suppose 1 = 4*d - 15. Let q be t(d). Calculate the remainder when 78 is divided by 30*(q - 32/(-12)).
18
Let u(w) = 3*w - 15. Let y be u(9). Suppose n - 2*n + l = -y, -2*n = -l - 21. Suppose -5*h + 103 = -17. What is the remainder when h is divided by n?
6
Let c = -36 - -77. Suppose -4*s + c = -m, 2*s + 4*m + 5 = 3. What is the remainder when 14 is divided by s?
5
Let h = 342 - 309. What is the remainder when 89 is divided by h?
23
Let a(d) = 3*d. Let w be a(1). Suppose 3 = -2*y - w, -2*y = 2*s - 24. Calculate the remainder when 44 is divided by s.
14
Suppose 217 + 83 = 4*c. What is the remainder when c is divided by 20?
15
Let f(r) = 2*r**3 - 20*r**2 + 11*r - 11. What is the remainder when f(10) is divided by 4?
3
Suppose 8 = 5*q - 4*q + i, 2*q - 2*i - 28 = 0. Let d = -6 + 8. Suppose -5 - 1 = -d*o. Calculate the remainder when q is divided by o.
2
Let j(a) = -a - 22. Let p be j(12). What is the remainder when p/(16/96*6/(-2)) is divided by 35?
33
Suppose -40*g + 26*g = -322. Calculate the remainder when 39 is divided by g.
16
Suppose 3*p - 619 = -4*m, p - 1 = -4. What is the remainder when m is divided by 20?
17
What is the remainder when -35*(3 - (-231)/(-35)) is divided by 63?
0
Let p(b) = 15*b + 1. Let t(k) = 125*k - 49. Calculate the remainder when t(1) is divided by p(1).
12
Suppose -2*u = -11*q + 14*q - 43, 5*q + 120 = 5*u. What is the remainder when 47 + -4*(-3 + 4) is divided by u?
20
Let j(z) = 29*z**2 - 2*z + 3. Let l(p) = -59*p**2 + 4*p - 6. Let t(u) = -5*j(u) - 3*l(u). What is the remainder when t(1) is divided by 13?
7
Suppose -10*j + 5*j + 175 = 0. Calculate the remainder when j is divided by 12.
11
What is the remainder when 151 is divided by 68/51*(-153)/(-4)?
49
Suppose -4*a - d = -90, 2*a + 3*d - 116 = -3*a. What is the remainder when 128 is divided by a?
18
Let t(g) = 28*g**2 - 10*g + 1. Calculate the remainder when 506 is divided by t(-1).
38
Suppose 5*n - 6 = 79. Let c = -2 + n. Let x = c + -12. What is the remainder when 11 is divided by x?
2
Let f = 14 + -14. Suppose z + 3*z = d - 75, f = -2*z - d - 45. What is the remainder when (1 + z/6)*-3 is divided by 5?
2
What is the remainder when 158 is divided by 110/(-33)*(-9 + -18)?
68
Let s = -222 - -231. What is the remainder when 114 is divided by s?
6
Let m be 2/6 - (-3)/(-9). Suppose 0 = -5*k - m*k. Suppose c - 15 + k = 0. Calculate the remainder when c is divided by 8.
7
Let o(u) = 15 - 48*u + 22*u**2 + 160*u**3 - 159*u**3 + 2. What is the remainder when 67 is divided by o(-24)?
16
Suppose 2*t - 431 - 191 = 2*r, 0 = -4*t + 2*r + 1240. Calculate the remainder when t is divided by 79.
72
Suppose 32 - 2 = 2*v. Let p = -95 - -211. Suppose -2*a + 0*a = -p. Calculate the remainder when a is divided by v.
13
Let u = 742 + -728. Calculate the remainder when 923 is divided by u.
13
Let o be (-54)/12*((-16)/(-6))/2. What is the remainder when 78 is divided by ((-4)/o)/(((-39)/72)/(-13))?
14
Let u = 3568 + -3560. Suppose 4*p = 3*a - 6*a - 13, 4*a = -2*p - 14. What is the remainder when ((-9)/a)/(1/13) is divided by u?
7
Let n be ((-3)/2)/(2/(-4)). What is the remainder when n/(-6)*(-260)/2 is divided by 22?
21
Let l be (3/((-6)/74))/1. Let c = 51 + l. What is the remainder when 24 is divided by c?
10
Let m = -200 + 209. Calculate the remainder when 440 is divided by m.
8
Let y(n) be the third derivative of n**4/6 - 7*n**3/3 - 4*n**2. Calculate the remainder when 71 is divided by y(8).
17
Suppose -c - 218 = -2*i, c = -i + 3*c + 115. Let g = -2554 + 2609. Calculate the remainder when i is divided by g.
52
Let s = -221 - -229. Calculate the remainder when 42 is divided by s.
2
Suppose j - 6 = 36. Suppose -2*s + j = -0*s. Suppose -3*c - s = -5*c - 3*t, 18 = 2*c + 4*t. What is the remainder when 44 is divided by c?
14
Let y = 3 - -6. Suppose -9 = -3*x - 4*t - 0, -15 = -5*x + 3*t. Calculate the remainder when y is divided by x.
0
Suppose 11 = -974*j + 975*j. What is the remainder when 305 is divided by j?
8
Suppose -6*c + 482 = 68. What is the remainder when c is divided by 12?
9
Suppose 2*l - o + 67 = -3*l, 2*o + 20 = -l. Calculate the remainder when (-253)/(-5) - l/35 is divided by 27.
24
Calculate the remainder when (5 + 1)*(-76)/(-8) + -4 is divided by 16 + 4/(-2) + 0.
11
What is the remainder when (5 + 0)/(((-125)/155)/(-5)) is divided by 11?
9
Let l = 260 + -183. Suppose -l = -10*b + 123. What is the remainder when b is divided by 3?
2
Suppose k - 2*k = r - 47, -5*k - 3*r + 233 = 0. Suppose 6*q - 263 = 277. What is the remainder when q is divided by k?
44
Suppose -q + 3*w + 24 = -0*w, -3*q - 4*w + 85 = 0. Let p(o) = 109*o - 316. Calculate the remainder when q is divided by p(3).
5
What is 